 -2*l + 39. What is c(-12)?
63
Let u(b) = -2*b**3 - 14*b**2 - 11*b + 2. Give u(-6).
-4
Let d(r) = -r**3 + 8*r**2 - 2*r + 2. Determine d(8).
-14
Let q(c) = c**3 - 2*c**2 + c - 7. What is q(3)?
5
Let n(z) = z**2 + 13*z + 10. What is n(-8)?
-30
Let q(l) = l**2 + 6*l - 8. Calculate q(-6).
-8
Let l(t) = -8*t + 1. Calculate l(1).
-7
Let w(r) = r**3 + 16*r**2 - 9*r + 119. Give w(-17).
-17
Let d(r) = -r**2 - 22*r - 99. Give d(-21).
-78
Let p(b) = -b**3 + 10*b**2 - 11*b + 4. Calculate p(9).
-14
Let h(j) = j**3 + 18*j**2 + 36*j + 37. Give h(-16).
-27
Let b(z) = z - 4. Calculate b(7).
3
Let u(y) = 7*y + 30. What is u(-5)?
-5
Let h(i) = -171*i + 1877. Calculate h(11).
-4
Let n(o) = o**2 - o + 21. What is n(0)?
21
Let b(c) = c**2 - 14*c + 14. Calculate b(0).
14
Let r(x) = -x**2 + 10*x + 159. What is r(-9)?
-12
Let y(p) = -12*p - 3. Determine y(-2).
21
Let v(c) = c**3 + 27*c**2 + 29*c + 85. Give v(-26).
7
Let u(n) = 2*n**2 - 15*n - 2. What is u(7)?
-9
Let f(a) = -a**2 + 2*a. Calculate f(-1).
-3
Let z(d) = -d**3 + 4*d**2 - 2*d - 13. Determine z(5).
-48
Let x(w) = -6*w - 155. Determine x(-27).
7
Let b(l) = -l**3 - l**2 - l + 32. Give b(0).
32
Let c(i) = -21*i - 4. What is c(2)?
-46
Let j(i) = i + 49. What is j(24)?
73
Let d(i) = i**2 - 2*i. Determine d(4).
8
Let v(f) = 2*f**3 + f + 1. Determine v(-2).
-17
Let x(c) = c**2 - 13*c + 23. Give x(11).
1
Let c(f) = f**2 + 9*f + 7. Calculate c(-9).
7
Let c(g) = -g**3 - 8*g**2 + 18*g - 4. Determine c(-10).
16
Let v(m) = -m**3 - 7*m**2 - 5*m - 6. Calculate v(-6).
-12
Let t(f) = -5*f + 1. What is t(-1)?
6
Let y(u) = -u**3 - 6*u**2 + 17*u + 6. Calculate y(-8).
-2
Let s(z) = 12*z - 5. Determine s(1).
7
Let r(o) = o**3 - 13*o**2 - 33*o - 41. What is r(15)?
-86
Let o(r) = 2*r - 19. Give o(10).
1
Let t(n) = -n**3 - n**2 + 21. Give t(0).
21
Let q(t) = 9*t - 9. Give q(0).
-9
Let p(u) = -u**2 - 11*u + 5. Give p(-10).
15
Let v(r) = 2*r**2 + 4*r - 12. What is v(-4)?
4
Let i(h) = 7*h + 139. Determine i(-13).
48
Let v(b) = -b**3 + 3*b**2 + 7*b + 8. Calculate v(5).
-7
Let x(t) = 4*t**3 - 2*t**2 - 4*t - 2. Calculate x(-2).
-34
Let t(c) = -6*c - 170. Determine t(-28).
-2
Let m(y) = 5*y - 3. What is m(2)?
7
Let r(t) = 68*t - 825. What is r(12)?
-9
Let w(v) = -31*v**2 + 1. What is w(-1)?
-30
Let o(s) = 3*s - 5. Give o(1).
-2
Let l(c) = c**2 - 2*c + 2. Give l(5).
17
Let b(k) = 71*k**2 - 360*k + 11. Calculate b(5).
-14
Let n(o) = 7*o. Determine n(2).
14
Let t(o) = 3*o - 48. Calculate t(-10).
-78
Let i(n) = 2*n - 14. Calculate i(0).
-14
Let t(s) = 5*s + 76. Give t(-15).
1
Let i(p) = -p + 3. Give i(1).
2
Let o(h) = -3*h - 11. What is o(-7)?
10
Let h(p) = -p**3 - p**2 + 10*p + 6. Give h(0).
6
Let r(y) = y**2 + 11*y + 34. Give r(-8).
10
Let x(r) = -r**2 - 10*r - 5. Give x(-7).
16
Let j(g) = -g**2 + 10*g + 9. What is j(9)?
18
Let s(u) = 41*u + 1. What is s(1)?
42
Let y(i) = 2*i**2 - 24*i + 20. Give y(11).
-2
Let c(p) = 2*p**3 + 4*p**2 + 3*p - 3. Calculate c(-3).
-30
Let h(y) = y**3 + 6*y**2 + 2*y - 6. Determine h(-5).
9
Let o(k) = k - 31. Determine o(26).
-5
Let v(z) = -40*z + 1. Determine v(1).
-39
Let d(r) = 68*r**3 - r**2 + 1. Give d(1).
68
Let v(i) = -i**2 - 6*i + 16. What is v(-5)?
21
Let n(z) = z**2 + 11*z + 7. Determine n(0).
7
Let s(f) = 4*f + 119. Calculate s(-30).
-1
Let n(m) = 85*m**2 + m. What is n(-1)?
84
Let c(l) = -2*l**3 - 5*l**2 - 4*l - 1. Give c(-3).
20
Let m(l) = l**3 + 3*l**2 + 2*l + 3. Determine m(-3).
-3
Let q(m) = -4*m - 1. What is q(5)?
-21
Let g(o) = 4*o - 4. Determine g(6).
20
Let t(j) = j**2 - 6*j + 3. Determine t(5).
-2
Let g(u) = -u**2 + 5*u + 36. Determine g(8).
12
Let x(o) = -9*o + 6. What is x(5)?
-39
Let w(q) = -q**3 - 8*q**2 - q + 10. Determine w(-7).
-32
Let f(u) = -u**2 + 31*u + 38. Calculate f(32).
6
Let x(t) = t**2 + 14*t + 18. Calculate x(-10).
-22
Let x(c) = 2*c**2 + 2*c - 4. Calculate x(-3).
8
Let y(i) = -i**2 + 14*i + 3. Determine y(12).
27
Let j(x) = -3*x**2 + 21*x - 14. Give j(6).
4
Let n(m) = -m**3 - 6*m**2 - 3*m + 9. What is n(-4)?
-11
Let t(h) = 2*h**3 - 3*h**2 - 3*h - 3. What is t(3)?
15
Let w(g) = 20*g**2 + 2. Calculate w(-1).
22
Let x(b) = -b**3 - 10*b**2 - 6*b + 4. Give x(-9).
-23
Let j(x) = 3*x + 2. Calculate j(-4).
-10
Let t(i) = i**3 - 4*i**2 - 2*i + 6. Calculate t(4).
-2
Let o(p) = -2*p**2 - 14*p + 85. What is o(-11)?
-3
Let u(r) = r**2 + 26*r + 89. What is u(-22)?
1
Let w(h) = -2*h**3 - 54*h**2 + 60*h + 92. Give w(-28).
-20
Let l(x) = -x**3 + 6*x**2 - 8*x + 6. What is l(5)?
-9
Let g(j) = j + 17. What is g(-9)?
8
Let j(u) = u**3 - 6*u**2 + 4*u - 1. Calculate j(5).
-6
Let j(i) = i**3 + 100*i**2 - 100*i + 96. Give j(-101).
-5
Let i(z) = -z**3 - 10*z**2 - 20*z - 3. Give i(-3).
-6
Let d(o) = o**2 - 40*o - 164. Give d(44).
12
Let o(x) = x + 26. Determine o(8).
34
Let p(s) = s**3 + 16*s**2 + 16*s + 19. What is p(-15)?
4
Let q(m) = m**2 + 26*m + 114. Determine q(-21).
9
Let i(u) = -u**3 - 10*u**2 + 2*u + 24. Calculate i(-10).
4
Let o(m) = 2*m + 1. Give o(-3).
-5
Let c(b) = -b**2 + 11*b - 12. Determine c(8).
12
Let h(v) = -13*v - 3. Determine h(3).
-42
Let h(c) = c - 11. Give h(3).
-8
Let x(o) = -26*o**3 + 2*o**2 + 2*o + 1. What is x(-1)?
27
Let p(b) = b**3 + 6*b**2 - 25*b + 11. Give p(-9).
-7
Let p(a) = a**2 + 16*a - 13. Give p(-16).
-13
Let t(s) = s**3 - s**2 + 3*s - 3. Give t(2).
7
Let g(b) = b**3 + 18*b**2 + 17*b - 3. Calculate g(-17).
-3
Let v(o) = 12*o**2 - 3*o - 4. Calculate v(-1).
11
Let h(c) = c**2 + 27*c + 67. Determine h(-24).
-5
Let m(j) = j**3 - j**2 - 11*j - 7. Calculate m(4).
-3
Let i(z) = 41*z - 76. What is i(2)?
6
Let o(r) = -6*r - 34. Give o(-10).
26
Let a(z) = -23*z**2 - 4*z - 4. Give a(-1).
-23
Let x(h) = h**3 - 20*h**2 - 41*h - 53. Calculate x(22).
13
Let t(d) = 2*d + 12. Determine t(-9).
-6
Let q(n) = 3*n + 26. Give q(-3).
17
Let c(s) = -135*s**3 - s**2 + 3*s + 3. Give c(-1).
134
Let d(i) = -2*i**2 + 6*i + 3. Give d(5).
-17
Let k(s) = 2*s**3 + 6*s**2 + 3*s + 8. Determine k(-3).
-1
Let z(v) = -63*v + 227. Give z(4).
-25
Let r(q) = q**2 - 3*q - 8. Determine r(5).
2
Let i(c) = 35*c + 238. Give i(-7).
-7
Let y(v) = 2*v**2 - 23*v + 30. Give y(10).
0
Let f(z) = -z**2 - z + 56. Determine f(7).
0
Let z(s) = s**3 - s**2 - s + 48. Determine z(0).
48
Let p(f) = f**2 + 16*f + 67. Give p(-7).
4
Let n(y) = 2*y**3 - 44*y**2 - 2*y + 8. What is n(22)?
-36
Let p(z) = -z**3 - 12*z**2 + 14*z - 11. Determine p(-13).
-24
Let h(x) = 21*x + 129. What is h(-6)?
3
Let m(u) = u**3 - 10*u**2 - 14*u - 8. What is m(11)?
-41
Let j(b) = -b**3 - 29*b**2 - 55*b - 22. Determine j(-27).
5
Let i(h) = -h**2 + 14*h + 85. What is i(18)?
13
Let o(z) = -z**3 - 8*z**2 + 7*z - 7. Give o(-9).
11
Let w(o) = -2*o**2 - 33*o - 28. Determine w(-14).
42
Let x(w) = 21*w - 160. Determine x(8).
8
Let t(p) = -20*p**2 + p. Give t(1).
-19
Let m(t) = t**3 - 8*t**2 - 13*t + 8. Determine m(9).
-28
Let d(z) = -4*z - 2. Give d(-1).
2
Let r(u) = u**3 + 12*u**2 - 2. Determine r(-12).
-2
Let t(u) = u**3 - 4*u**2 - 6*u + 4. Give t(5).
-1
Let m(k) = k**2 - 5*k - 49. What is m(17)?
155
Let i(b) = -b**2 - 27*b - 35. Calculate i(-26).
-9
Let z(o) = -o**3 - 26*o**2 + 4. What is z(-26)?
4
Let w(q) = -q**2 + 10*q + 27. Determine w(12).
3
Let s(b) = 3*b + 140. What is s(-45)?
5
Let f(z) = -2*z - 5. Give f(9).
-23
Let v(r) = -r**3 + 27*r - 2. Calculate v(-5).
-12
Let r(k) = k + 1. What is r(-18)?
-17
Let n(j) = -6*j + 66. Calculate n(11).
0
Let s(o) = 2*o**3 - 6*o**2 - 12*o + 6. Give s(5).
46
Let u(g) = -7*g - 9. Give u(-4).
19
Let a(l) = -4*l**2 + l + 11. Calculate a(-2).
-7
Let h(k) = 9*k + 77. Give h(-16).
-67
Let l(j) = -j**2 + 61*j + 323. Determine l(66).
-7
Let r(c) = c**3 + 7*c**2 - 9*c - 18. Calculate r(-8).
-10
Let d(i) = -i**3 - i**2 + 2*i + 4. Calculate d(-2).
4
Let v(m) = -m**3 + 8*m**2 - 4*m - 14. Determine v(8).
-46
Let c(t) = 6*t**2 - 149*t - 24. Calculate c(25).
1
Let h(j) = 10*j - 69. Give h(7).
1
Let q(h) = h**2 - h - 8. What is q(-3)?
4
Let z(m) = -m - 14. Calculate z(-22).
8
Let l(n) = -3*n**2 + 82*n - 19. Determine l(27).
8
Let a(z) = 13*z + 1. Calculate a(1).
14
Let k(h) = -10*h + 268. What is k(26)?
8
Let i(k) = -5*k - 5. Calculate i(-2).
5
Let x(l) = 9*l + 3. Give x(-3).
-24
Let n(y) = -y + 77. What is n(39)?
38
Let q(i) = 3*i**3 + 23*i**2 - 5*i + 9. Calculate q(-8).
-15
Let j(w) = w**3 + 7*w**2 + 4*w. Give j(-5).
30
Let